 be 28/6 - (-1)/3. What is the units digit of (u/2)/((-2)/(-4))?
5
Let o(a) = -a**3 + a**2 + a + 11. Let u be o(0). Suppose 0 = j - u + 1. What is the units digit of j?
0
Suppose 5*u + 0*u - 439 = 3*j, 0 = -2*j - 6. What is the tens digit of u?
8
Let r(z) be the first derivative of z**3/3 - 5*z**2 + 4*z - 15. Let i be 2/(2/(-10)*-1). What is the units digit of r(i)?
4
Suppose 2*o - 95 = 89. What is the units digit of o?
2
Let z = 33 + -10. Suppose -5*m - 17 = -6*m + 5*f, z = 3*m - f. What is the units digit of m?
7
Suppose 5*o + 15 = 0, 5*o + 0*o = -3*y + 225. Suppose -2*q - 45 = -3*i, -2*i = -6*i - 4*q + y. What is the units digit of i?
7
Suppose -5*v = -10, -36 = -2*s - 0*v + 3*v. What is the tens digit of s?
2
Let w(g) be the second derivative of g**5/5 - g**4/12 + g**2/2 + g. Let u be w(1). Suppose 0*n = 2*n - u. What is the units digit of n?
2
Suppose 3*o - 7 = 5, -4*m - 8 = -4*o. Suppose 3*y = -m*y - 2*q + 91, 25 = 2*y - 3*q. What is the tens digit of y?
1
Suppose -3*u = -3*t + 582, 2*t + 0*u = -4*u + 376. What is the hundreds digit of t?
1
Let c(x) = -4 + 2 + 5*x**2 - x**2. Let a be c(-2). Suppose -2*q - a = -4*q. What is the units digit of q?
7
Let c(m) = m**2 - 8*m + 6. Let l(g) = g**2 - 6*g + 8. Let b be l(6). What is the units digit of c(b)?
6
Let a(p) = 10*p + 1. Let z be 2/(-4) - 3/(-2). What is the tens digit of a(z)?
1
Let l(p) = 2*p**2 - 4*p - 1. Let a be l(3). Let b = 9 - a. Suppose 3*d = d + b. What is the units digit of d?
2
Let q = -2 + 12. What is the tens digit of q?
1
Suppose -128 = 5*t + 317. Let v = -48 - t. What is the units digit of v?
1
Let w(a) = a - 10. Let b = -11 - -19. Let p be w(b). What is the units digit of p + 7 + -3 + 2?
4
Let j be (3/(-2))/((-3)/6). Let n = 15 + j. Let w = n - 11. What is the units digit of w?
7
Suppose 0 = 3*a + 5*j - 667, j + 2*j = 3*a - 699. What is the hundreds digit of a?
2
Let r(o) be the second derivative of 5*o**4/24 - o**3/2 + 3*o**2/2 - 3*o. Let u(h) be the first derivative of r(h). What is the units digit of u(3)?
2
Let g(u) = u - 3*u + 5*u**3 + u. Let s be g(1). Suppose 0 - s = -r. What is the units digit of r?
4
Let r = -3 + 3. Suppose 3*l + l - 128 = r. Let i = l + -19. What is the tens digit of i?
1
Let z(j) be the first derivative of -j**3/3 + 5*j**2 - 5*j - 4. What is the units digit of z(8)?
1
Let j = 4 + 12. Let t be (-42)/(-18) + (-4)/(-6). Let n = j - t. What is the units digit of n?
3
Let d(x) = 2 + 0*x - 5*x + 3*x + 4*x. What is the units digit of d(3)?
8
Suppose 188 = 4*f + 4*l - 5*l, 4*f = 4*l + 200. What is the tens digit of f?
4
Let b(o) = 2*o**3 + o**2 - 3*o - 3. Let l(x) = -2*x + 4. Let v be l(3). Let q be b(v). Let y = 6 - q. What is the units digit of y?
5
Let l = 125 - -56. What is the units digit of l?
1
Suppose -51*g + 55*g - 668 = 0. What is the hundreds digit of g?
1
Let k(c) = 9*c + 2. Let y be k(2). Suppose 0 = 2*j - 0*j - y. What is the tens digit of j?
1
Suppose 146 = -0*m + m. What is the units digit of m?
6
Suppose -c = -2*y - 2, -2*c + y + 4 = 4*y. Suppose c*v = -v - 4*o - 32, -5*o - 45 = 5*v. What is the units digit of ((-2)/v)/(2/12)?
3
Let p be ((-6)/(-9))/((-2)/(-15)). Suppose -41 = -m + 2*v - v, -4*m + p*v = -166. Suppose 0 = -r - 2*r + m. What is the units digit of r?
3
Let p be ((-6)/(-8))/(1/4). Suppose 0 = w - p. Suppose -w*u + v + 2 = 0, 3*u + 2*v + 3 = 8*u. What is the units digit of u?
1
What is the units digit of (-334)/(-10) + 16/(-40)?
3
Let a(w) = -4*w - 4. Let u(i) = -9*i - 9. Let b(j) = -5*a(j) + 2*u(j). Let r = -12 - -17. What is the tens digit of b(r)?
1
Suppose -f + 5*s + 6 = 0, -3*s + 2 = 3*f + 20. Let i(w) = -w**3 - 4*w**2 + 2. Let y be i(f). What is the units digit of ((-4)/(-6))/(y/12)?
4
Let k(p) = -p + 2. Let b be k(-2). Suppose b*r - 80 = -r. What is the units digit of r?
6
Let k = 333 + -180. What is the hundreds digit of k?
1
Let v be -2 + 0 + (-4)/2. Let g be 0 + -4 + (-1 - -2). Let b = g - v. What is the units digit of b?
1
Suppose 3*b - 3*d = -12, -2*b + 3*b + 4*d = -4. Let q(s) = -s**3 - 3*s**2 + 3*s - 2. What is the units digit of q(b)?
2
Let y = -11 - -18. Suppose p + 15 = 2*j, -j + p + y + 3 = 0. What is the units digit of j?
5
Suppose 0 = c + 2*z - 86, -z = 5*c - 3*z - 490. What is the units digit of c?
6
Suppose 8 = 3*l + 2. Let g = -10 + l. Let y = g - -13. What is the units digit of y?
5
Suppose 5*i + 10 = -5*n, 4*n - 1 + 9 = -i. Let t(m) = m**2 + m + 24. Let k be t(i). Suppose -6*y + 2*y = -k. What is the units digit of y?
6
Let m = 5 - -32. What is the tens digit of m?
3
Let g(c) = -c**2 - 4*c - 2. Let r be g(-5). Let b = 17 + -28. Let d = r - b. What is the units digit of d?
4
Suppose 0 = 3*c - 8 - 7. What is the tens digit of (-3263)/(-65) - 1/c?
5
Let i = -49 - -69. Let u = i - 13. Suppose 2*m = -3*n + 11, 2*m - 10 = u*m. What is the units digit of n?
5
Suppose 0 = 2*g + 3*h - 2, 2*h = -g - 2*h + 6. Let w = 5 + g. Suppose 6*o = 2*o - 2*d + 18, -w*o = -3*d. What is the units digit of o?
3
Let u(s) = -s**3 + 4*s**2 + 7*s. Let n be u(5). Suppose 0*r + n = 2*r. What is the units digit of r?
5
Let n(f) = -f**2 - 16*f - 13. Let h be n(-15). What is the units digit of (374/(-17))/(h/(-4))?
4
Let h = 4 + 50. What is the units digit of (-212)/(-18) - (-12)/h?
2
Suppose -23 = 5*n + 7. What is the tens digit of 4/3*(-99)/n?
2
Let d(m) = m - 6. Let a(x) = -x + 4. Suppose c - 3*c = 6. Let o be a(c). What is the units digit of d(o)?
1
Suppose -2*i - r = -124, 0 = 4*i + 3*r + 2*r - 254. What is the units digit of i?
1
Let g(u) = -2*u**2 - 1. Let d be g(-4). Let q(b) = -50*b + 3. Let y be q(-1). Let n = d + y. What is the tens digit of n?
2
Suppose 4*x + 10 - 58 = -3*s, 0 = 5*s + x - 80. Suppose -4*b + 3*l + 54 = 0, 3 = -b + l + s. What is the tens digit of b?
1
Let v = 14 + -52. What is the units digit of v/(-6) - (-5)/(-15)?
6
Let q be (-2)/3 + (-1255)/(-15). Let r = 116 - q. Suppose 4*v - 19 - r = 0. What is the tens digit of v?
1
Let u(y) = -y**3 - 2*y**2 + 2*y - 6. What is the units digit of u(-5)?
9
Let c = -18 - -42. Suppose d + c = 3*d. What is the tens digit of d?
1
Let l(k) = -k**3 + 4*k**2 + 5. Let c be l(4). Let o = c + -9. What is the units digit of o/(-18) - 264/(-27)?
0
Let m be ((-2)/3)/(10/(-15)). Let f = m + 10. What is the tens digit of f?
1
Suppose 2*k + 0 = -3*w + 6, 3 = k - 4*w. Suppose 0 = -k*o + 29 - 2. What is the units digit of o?
9
Let d be 3 + ((-6)/(-2))/(-1). Suppose -2*a + d*a = -76. Suppose 0 = 3*r - a + 8. What is the tens digit of r?
1
Suppose 5*n - 3*h - 88 = 0, 3*n + 2*h - 12 = 56. Let b = 33 - n. What is the tens digit of b?
1
Suppose -2*g + 4 = -2*j + j, 4*j = 4*g. Suppose 5*u = 3*d + 10, -4 = -2*u - 3*d - 0*d. Suppose -j*v = -u*v - 38. What is the units digit of v?
9
Suppose 1 + 1 = -m. Let u(v) = v**3 + v**2 - v. Let z be u(m). Let y = 3 + z. What is the units digit of y?
1
Let v(y) = y**3 + 7*y**2 + 8*y + 4. Let u be v(-5). Suppose -4*s - 4*i = -2*i - u, 2*i = -s + 11. What is the units digit of s?
1
Let w(l) = -l**3 - l**2 + l - 3. Let b be w(-3). Suppose -60 = -4*x + b. Suppose s = -h + x, 0*h = 3*s + h - 48. What is the units digit of s?
5
Suppose 0*g = -2*g + 10. Let t(d) be the third derivative of -d**6/120 + d**5/10 - d**4/12 - 5*d**3/6 + d**2. What is the tens digit of t(g)?
1
Let w(c) = c**2 - 4*c - 6. Let z be w(7). What is the tens digit of (-2032)/(-60) + 2/z?
3
Suppose -5*a = b - 417, -3*b = 3*a - 0*b - 255. What is the units digit of a?
3
What is the units digit of (-1508)/(-24) + 1/6?
3
Let v = 72 - 40. Suppose -2*n = -v - 2. What is the units digit of n?
7
Let h(a) = -20*a + 14. What is the hundreds digit of h(-8)?
1
Let t = -100 - -176. What is the tens digit of t?
7
Let f = 8 + -6. Let g(h) = h + 2*h**f + 0*h**2 - 4 + 26 - 3*h**2. What is the tens digit of g(0)?
2
Let w(h) be the first derivative of 3/2*h**2 - 3*h + 2. What is the units digit of w(2)?
3
Let t(n) be the third derivative of -n**4/24 - 7*n**3/6 + 2*n**2. Let u be t(-6). What is the units digit of 3 + 16 - (-1 - u)?
9
Let t be 470/12 + (-2)/12. What is the tens digit of (2/(-3))/((-2)/t)?
1
Let t be (3/6)/((-3)/18). What is the units digit of ((-2)/t)/(1/33)?
2
Suppose -464 = -4*q - 4*q. What is the units digit of q?
8
Suppose 0*b = 3*b. Suppose b*q = -3*q + 24. What is the units digit of q?
